 + (2*(7 - 6) - -2750). What is the highest common factor of 220 and p?
110
Let j = 353 - 129. Suppose -62 - j = -11*i. What is the highest common divisor of 2 and i?
2
Let x(m) = 2*m. Let d be x(1). Suppose -2*n = d*n - 128. Let f be 3/(-12) - (-296)/n. What is the greatest common factor of 27 and f?
9
Let k = -979 + 2139. What is the greatest common divisor of 2440 and k?
40
Suppose 86 = -2*a + 5*t, 3*a - 5*t + 95 = -29. Let g = 49 + a. Suppose 2*n - 4*n = -154. What is the greatest common factor of n and g?
11
Let l(f) = -f + 10. Let k be l(-30). Let u(j) = -21*j + 2. Let g be u(-2). Let c = g - k. What is the highest common factor of 6 and c?
2
Let w(v) be the first derivative of -3*v**4/2 - 7*v**3/3 - 2*v**2 - 3*v + 165. Let q be w(-2). Calculate the highest common factor of q and 75.
25
Let n(i) = 3*i + 13. Let x be n(-4). Let y be 3 - (-39 - -3)/x. Suppose -2*g - 4*v + 543 = -v, g - 274 = v. Calculate the highest common factor of y and g.
39
Let h(j) = -j**3 - j**2 - 3*j - 25. Let w be h(-3). Let x be 546/18 - (8/12)/w. Calculate the highest common factor of 375 and x.
15
Suppose -5*v + 64 + 506 = 0. Suppose -12 = -2*o + 5*x, 0 = o + 4*x - 1547 + 1541. What is the greatest common divisor of o and v?
6
Suppose t = i - 48, 0 = 5*i - 36*t + 33*t - 230. Calculate the greatest common divisor of 13459 and i.
43
Let n(a) = -a**3 - 17*a**2 - 15*a + 193. Let t be n(-17). What is the greatest common factor of t and 14?
14
Let j(q) = -q**3 + 15*q**2 - 27*q + 16. Let i be j(13). Suppose -3*x - 12 = 0, -i*z + 200 = z - 2*x. Calculate the highest common factor of 108 and z.
12
Let o = 306 + -194. Suppose -2*a + 250 = -3*c, -2*a + 78*c + 260 = 80*c. What is the highest common factor of a and o?
16
Let k = -9 - -14. Suppose 4*m + 99 = k*m. Suppose -6 = 2*v, -6 = -143*f + 142*f - v. What is the greatest common divisor of m and f?
9
Let l(c) = c + 69. Let z = 5 + -36. Let s be l(z). Calculate the highest common factor of 494 and s.
38
Suppose -593*r = -589*r - 5*z - 37, 2*z = 3*r - 33. What is the highest common divisor of r and 8424?
13
Suppose 108*y + 43194 = 10*y + 379334. Calculate the greatest common factor of y and 14.
14
Let l(q) = -19*q + 12. Let w be l(2). Let r be (-18)/6*w/(-6). Let y = r + 34. What is the greatest common factor of 28 and y?
7
Suppose 91*f - 2601 = 1191 - 789. Calculate the greatest common divisor of 3795 and f.
33
Let w = -3067 + 3271. What is the highest common divisor of w and 60?
12
Suppose 2*i - 120 = -4*f, -6*i - 99 = -3*f - 3*i. Suppose 4*y + 3 = f. What is the highest common divisor of 5 and y?
1
Suppose -6*j + 11*j - 715 = 0. Let p be 598/j - 2/11. Suppose c - 3*c = p*b - 88, 66 = 3*b - 4*c. Calculate the highest common factor of b and 44.
22
Let w(y) = -12*y**2 + 95*y + 46. Let n be w(7). Calculate the highest common factor of n and 861.
123
Suppose 3*n - 39 = -9. Let l(b) = b**2 + 26*b + 20. Let v be l(-26). Let h = 40 - v. What is the greatest common divisor of h and n?
10
Let a = -32 - -47. Suppose a = 4*q - 41. Let n = -7 - -77. What is the greatest common divisor of q and n?
14
Suppose -6859 = -5*d - 1023*c + 1019*c, 5*c = -5*d + 6855. What is the greatest common factor of 9900 and d?
275
Suppose 3*z = -2*r + 11, 0 = 4*r + r + 5*z - 25. Suppose -7 + 3 = -r*f. Suppose 1 = i - f. Calculate the greatest common divisor of i and 5.
1
Let b(j) = 2*j**2 - 106*j - 291. Let q be b(56). What is the greatest common factor of 8415 and q?
45
Let g(i) = -5*i**2 + 134*i + 123. Let k be g(21). What is the greatest common divisor of 12 and k?
12
Let l(d) = 1 - 9 + 5*d + 13*d. Let c = 645 + -644. Let u be l(c). Calculate the greatest common factor of 30 and u.
10
Let z(o) = -o**2 + 7*o - 2. Let h be z(6). Suppose -h*d = -183 - 169. Let a(k) = 49*k + 204. Let m be a(-4). Calculate the greatest common divisor of m and d.
8
Suppose -5*f + w + 85 = 0, f = 5*w - 0*w + 41. Let t = -4552 - -4616. Calculate the greatest common divisor of t and f.
16
Let p be 3/7 + (-54)/126. Let b = p - -28. Suppose -17 + b = l. Calculate the greatest common divisor of l and 33.
11
Suppose 855 = -4*j + 4059. Suppose -3*n + 7 = -4*c, -2*n - 3*n = -5*c - 20. Calculate the greatest common divisor of j and n.
9
Suppose -4*y = -157 - 103. Suppose 0 = -5*c + u + 2277, 2*u - 3*u + 908 = 2*c. What is the greatest common factor of y and c?
65
Suppose -189*r + 152919 + 255132 = 0. What is the highest common divisor of r and 381?
127
Let a = 7855 - 7810. What is the highest common divisor of a and 1602?
9
Suppose -q + 15 = -2*q - 4*l, -5*q = 5*l. Suppose 19 = -q*a + 279. Let i be 9/12 + 5133/(-348) + 53. Calculate the greatest common factor of i and a.
13
Let x be (14/(-4))/(-2 - 1071/(-536)). Suppose l = 5*l - x. Calculate the highest common divisor of l and 67.
67
Let f be 2079/(-55)*240/(-36). Calculate the highest common divisor of f and 28.
28
Let l = 1 + 3. Suppose -l*o - 150 = -7*o. Let x be 44/33 - 1326/(-18). What is the highest common factor of x and o?
25
Let r = 104414 - 104356. Let o = 1255 - 791. Calculate the greatest common factor of o and r.
58
Let h(j) = 25*j. Let z be h(3). Suppose 70 = 24*r - 94*r. Let c be (z - r) + (-68)/17. Calculate the highest common divisor of 9 and c.
9
Suppose -4*b + 3 = 3. Suppose h - 9 = 5*t - 2*t, 5*t + 5 = b. Suppose -4*r = -v + 388, 0 = -r + h*r - 10. Calculate the highest common divisor of v and 44.
44
Suppose -27*j - 1392 = -29*j. Let w = 1303 - j. Suppose 4*l = -159 + w. What is the greatest common factor of 14 and l?
14
Let b be -2 - 0/1 - -145. Suppose q = 2*f - 4, -f + 2*q + 3*q = 16. Suppose -l - j = -5*j - 13, 2*j = f*l - 52. Calculate the greatest common factor of l and b.
13
Let j be 307/3*1 - (-2121)/(-909). Suppose -3*r - 6*l + 445 = -l, -4*l = -2*r + 260. Calculate the greatest common divisor of r and j.
20
Suppose 9*i = -5*i + 172 - 4. Calculate the greatest common divisor of i and 21.
3
Suppose -3*m + 4 = -4*y, -2*m - m + 14 = y. Suppose -6*t + t = -25. Suppose -4 = -t*o + 4*o. What is the highest common factor of o and m?
4
Suppose 3*u = 4*v + 1091, 2*v - u + 543 = -2*u. Let g be (-32)/v - 1426/(-17). What is the greatest common divisor of g and 12?
12
Let n = -10870 - -11094. Let d(f) = 2*f - 1. Let p be d(4). What is the greatest common divisor of p and n?
7
Suppose 0 = 30*o - 66*o + 13*o + 13018. Calculate the highest common divisor of 849 and o.
283
Let a = -674 + 615. Suppose 0*x + 120 = 2*x. Let s = a + x. Calculate the highest common factor of 4 and s.
1
Suppose 3*f - 4*a + 6*a - 60 = 0, 2*f - 3*a = 27. Let s(o) = -o**3 + 8*o**2 - 5*o + 4. Let v be s(7). What is the greatest common divisor of v and f?
18
Let x = 134 - 131. Suppose x*z + 4 = -5*r + 23, 2*z = 6. Calculate the highest common factor of 10 and r.
2
Suppose -292*y = -1624 - 51 - 1829. What is the greatest common divisor of 8724 and y?
12
Suppose 297 + 153 = 5*p. Let l = 436 - 364. Calculate the highest common divisor of p and l.
18
Let l(c) = 8*c**2 - 6*c + 2. Let y be l(1). Suppose 9 + 23 = y*f. What is the greatest common divisor of 24 and f?
8
Suppose -57 = -5*w + 8. Let d(r) = 3*r**2 + 318*r - 2936. Let f be d(9). What is the highest common divisor of w and f?
13
Let w be -8 + 3 + -1 + 8. Suppose -10*n + 96 = -w*n. Let f(k) = 11*k + 1. Let r be f(1). Calculate the highest common factor of r and n.
12
Let l be 231 - (1 + (3 - 7)). Suppose -13*k = -2*w - 15*k + l, -137 = -w + 4*k. What is the greatest common divisor of 33 and w?
11
Suppose 4*y = -4*f + 8 + 56, -f - 4*y = -25. Let g(u) = -u**2 + 7*u - 6. Let w be g(4). Let i = f - w. What is the highest common factor of i and 1?
1
Suppose 5*h = -256 + 281. Suppose a = 16 + 29. Calculate the highest common divisor of a and h.
5
Let i = 14314 - 14218. Calculate the highest common divisor of 6 and i.
6
Suppose -10730 = 8*o - 10954. Let u be 117/(-6) - (-1)/2. Let q = o + u. What is the greatest common divisor of 45 and q?
9
Let f = 291 - 292. Let z = -55 - -23. Let w be (-144)/z*(7 - f). Calculate the greatest common divisor of w and 27.
9
Suppose 4*u + 93 = -1135. Let j = u + 354. What is the highest common divisor of j and 752?
47
Suppose 9*b - 8*b = 5*b. Suppose 2*j + j + 3*h - 57 = b, h = j - 15. Calculate the highest common factor of j and 136.
17
Suppose 10*d - 6*d = -2*c +